be c(-3). Suppose a - g*l = 4*a - 121, 0 = a - 2*l - 47. What is the tens digit of a?
4
What is the units digit of (91/(-2) + 1/2)*-37?
5
Let c(g) = g**3 + 7*g**2 + 4*g + 14. Let l be c(-7). Suppose 2*j - 75 = -5*b, -5*b = -b + 2*j - 60. Let n = b - l. What is the tens digit of n?
2
Let c be (3 + -4 + 0)*-4. Suppose 2*x + 4*g - 51 + 7 = 0, -c*x + 100 = -4*g. What is the units digit of x?
4
Let j = 13 + -11. Suppose -2*h - 6*n - 8 = -2*n, -4*h = n + j. What is the units digit of h + -12*(-28)/8?
2
Let x(v) = -104*v - 747. What is the tens digit of x(-17)?
2
Let a(p) = -p**2 - 21*p + 160. What is the tens digit of a(-23)?
1
Let c(t) be the second derivative of -t**3/6 + 7*t**2/2 + t. Let s be c(7). Suppose s*h - 38 = -2*h. What is the units digit of h?
9
Let z(n) = -1821*n - 8. Let s be z(-1). Suppose 17*h - 10*h - s = 0. What is the units digit of h?
9
Let c(h) = 9*h**2 - h - 10. What is the hundreds digit of c(18)?
8
Let b be 0*((-10)/45)/(4/(-6)). Suppose b = -0*i - 8*i + 1512. What is the units digit of i?
9
Suppose -3*g = 3*k - 2*k - 9, 13 = -g + 5*k. Let z(x) = -2 + 11 + x**3 + x + 0 - 13*x**g. What is the tens digit of z(13)?
2
Suppose -5*n = 2*t + 3*t - 1370, -5*t + 20 = 0. Suppose b + n = 6*b. What is the tens digit of b?
5
What is the tens digit of 18/(-1)*-1*(-17 + 48)?
5
Let m be (-144)/(-7) - 32/56. Let p = 39 - m. What is the units digit of p?
9
Let x(p) = -p**3 - 5*p**2 - 6*p + 7. Let w be x(-5). Let z = w + -10. What is the units digit of z?
7
Suppose -2*i + 719 = -3*h, 0 = -11*h + 6*h - 25. What is the tens digit of i?
5
Suppose -2 = 2*l - 4. Suppose 5 = -g + l. What is the tens digit of 7/(14/g) - -13?
1
Suppose -3*l + 7*l = -8. Let p be (-28)/14*(1 + l). Suppose n - 37 = -y, n + 103 = y + p*y. What is the units digit of y?
5
What is the units digit of (33912/66 + (-6)/(-33))*6?
4
Let w(t) = -2*t**2 + 15*t - 23. Let h(r) = r**2 - 7*r + 12. Let i(q) = -5*h(q) - 3*w(q). Let v be i(7). What is the units digit of v/3*(-12)/8?
6
Suppose -3*d = -4*a + 20 - 1, -26 = 4*d - 5*a. What is the tens digit of ((-30)/d)/((-5)/(-60))?
4
Suppose 0*z - 7826 = -2*y - 4*z, 4*z - 19541 = -5*y. What is the thousands digit of y?
3
Let b(t) = 2*t - 3. Let c(n) = -n**2 - 4*n + 7. Let a(m) = -13*b(m) - 6*c(m). What is the hundreds digit of a(-5)?
1
Suppose 2*u = -u - 5*g - 27, u = 5*g + 11. Let r = 8 + u. What is the units digit of (2/(-5))/(r/(-60))?
6
Suppose 6*d - 458 = -5*h + 4*d, -h = -2*d - 94. Suppose 3*g = -3*w - 48, -h = 4*g + g + 2*w. Let t = -11 - g. What is the units digit of t?
9
Let g be 102/27 + 2/9. Suppose 0*s - 4*c = -g*s + 24, 4*s + c - 29 = 0. What is the units digit of s?
7
Let w(g) be the second derivative of g**5/20 - 3*g**4/2 - 17*g**3/6 - 11*g**2 - 11*g. Let n be w(19). What is the units digit of 908/n - (-1)/4?
7
Let p(h) = -2*h**3 + h**2 - 1. Let n be p(-1). Let v be ((-8)/18)/2 - 4/(-18). Suppose n*o = -3*x - 0*o + 38, v = -5*x - 4*o + 60. What is the units digit of x?
6
Let b = -103 - -76. What is the tens digit of 254/6 + 1 - 18/b?
4
Let m(p) = 102*p - 55. Let r be m(-5). Let n = -359 - r. What is the units digit of n?
6
Let o = 15 + 17. Suppose 4*k - 4*s + 31 = 15, -s = 4. What is the units digit of 8/o + (-22)/k?
3
Let g(b) = -b**3 - 6*b**2 - 2*b + 7. Let w be g(-5). Let z be w/(-36) - (-104)/18. What is the units digit of 368/12 - (-2)/z?
1
Suppose -2*m + 4*o = 5*o - 1034, -3*m + 1573 = -4*o. What is the units digit of m?
9
What is the units digit of (-9050)/(-543)*(1 + 218)?
0
Let u be 2 - ((-525)/10 + 2/(-4)). Suppose u*t - 60*t = -120. What is the tens digit of t?
2
Suppose -3*d + 1089 = 4*m, 0 = 3*m + d - 918 + 100. What is the hundreds digit of m?
2
Suppose 3*w + 0*w - 1172 = -5*a, -3*a = -4*w - 709. What is the hundreds digit of a?
2
What is the hundreds digit of ((-23)/(-138))/((-2)/(-10236))?
8
What is the units digit of 4/14 + 3840/84?
6
Let f = 17 - 24. Let m(x) = -x**3 - 8*x**2 - 12*x - 3. What is the tens digit of m(f)?
3
Let b(f) = f**3 + 2*f**2 - 2*f + 4. Suppose 10 - 12 = -2*p. Let c be -1 + -1 + p/(-1). What is the units digit of b(c)?
1
Suppose -5*w - 109 = -4*s, -3*w - 40 - 51 = 4*s. Let y = w + 40. What is the units digit of 690/25 - 9/y?
7
Let b = 829 - 444. What is the tens digit of b?
8
Suppose 0 = -11*r + 2859 + 3378. What is the tens digit of r?
6
Suppose -5*j + 4*m = 1699 - 5434, -5*m = 5*j - 3690. What is the tens digit of j?
4
What is the tens digit of ((-27)/(-36))/((-4)/(-5088))?
5
Let r = 6291 - 2967. What is the hundreds digit of r?
3
Let k = 1150 + -608. What is the tens digit of k?
4
Let s(n) = n**3 + 4*n**2 + 7*n + 3. Let m be s(-5). Suppose 3 = -12*u - 33. What is the tens digit of 24/u + 4 - m?
5
Let k = -32 + 35. Suppose 0*s + f + 187 = k*s, -5*f = s - 89. What is the tens digit of s?
6
Let y be -46 + 1/(3/9). Let a be 0/1 - y - -3. Suppose q = -q + a. What is the tens digit of q?
2
What is the units digit of 3 + (-2 - 2287)/(-7)?
0
Suppose -21 + 13 = -4*m. Suppose -4*l = 4*d - 472, -5*l - m*d + 468 = -l. What is the units digit of l?
6
Let r = 49 + -38. What is the tens digit of 2250/33 + (-2)/r?
6
Let b(l) = -l**3 + 13*l**2 - 9*l + 6. What is the hundreds digit of b(6)?
2
Suppose 22*l = 18938 - 7102. What is the tens digit of l?
3
Let d = 3 + 2. Suppose t - 41 = -c, 2*t + 0*t = -d*c + 196. What is the units digit of c?
8
Suppose 7*p - 8*p - 4*l = -2939, 2943 = p + 2*l. What is the units digit of p?
7
Suppose 7*j + 51*j = 98542. What is the hundreds digit of j?
6
Suppose 0 = -w - 5*y + 184, 3*y = w - 70 - 154. Suppose -w = -2*t + 127. What is the hundreds digit of t?
1
Suppose -19*q - 228 = -21*q. Suppose 5*n - 5*l - 350 = 0, -n = 4*l - q + 19. What is the units digit of n?
5
Let j = -15 + 21. Let z be 3 - 0 - 5 - -82. Suppose 0 = 3*x + j*v - 3*v - 75, 2*v - z = -3*x. What is the tens digit of x?
3
Suppose -5*l = 5*q + 1185, -5*q + l - 680 = 517. Let x = 353 + q. What is the hundreds digit of x?
1
Suppose 2*i = -5*l - 117, 5 = -3*l + 3*i - 61. Let k be 4 - -36*(-3 - -4). Let h = k + l. What is the tens digit of h?
1
Let z = -7 - 2. Let l = z + 13. Suppose -6*b + 5*b = -l. What is the units digit of b?
4
Let p be (-2)/(-6)*2*24. What is the hundreds digit of (-2 + 28)/(4/p)?
1
What is the tens digit of ((18 + 7)/(-5))/((-4)/388)?
8
Suppose 5*j - 2*l - 42974 = -12649, -3*j + l = -18196. What is the units digit of j?
7
Let j = 995 - -143. What is the tens digit of j?
3
Suppose 0 = -v + 278*i - 283*i + 425, v - 434 = 4*i. What is the tens digit of v?
3
Let s(p) = -3*p - 28. Let b(z) = -11*z - 84. Let t(h) = 2*b(h) - 7*s(h). Let r be (-8)/20 - (-154)/10. What is the tens digit of t(r)?
1
Let s be 0 - 0 - (9 + -29). Let z = s + -8. Let v = 20 - z. What is the units digit of v?
8
Let t(x) = x**2 - 6*x - 10. Let i be t(8). Suppose i*j - 14 = 4*j. Let w(o) = 6*o - 15. What is the units digit of w(j)?
7
Suppose -6*s = -3*s - 6. Suppose -s*u - 7 = 5. What is the units digit of ((-16)/6)/(u/18)?
8
Let j(s) = 87*s**2 + 2*s - 7. Let p be j(5). Suppose -10*z = -z - p. What is the tens digit of z?
4
Let g(t) = -t**2 + 8*t - 10. Let f be g(7). Let v(k) = -6 - 2*k - 3*k + k. What is the units digit of v(f)?
6
Let i = -182 - -261. What is the units digit of (-3)/6*-2*(i - 0)?
9
Let h = 236 + -80. Suppose -2*o + 4*o + 4*s - h = 0, 5*s = -2*o + 157. What is the tens digit of o?
7
Let q = 176 + -322. Let i = q - -290. What is the hundreds digit of i?
1
Let k be (3/(-18)*3)/(1/(-2)). Let l(x) = 50*x. What is the tens digit of l(k)?
5
Let p(w) be the third derivative of -137*w**4/24 - w**3/3 + 24*w**2. What is the hundreds digit of p(-1)?
1
What is the units digit of (-1377)/(-5) - (0 - (-6)/(-10))?
6
Let s = 10 + -7. Suppose 0 = -r, -r = -s*b - 0*b + 156. What is the tens digit of b?
5
Let h be 6/(-4)*(-4068)/27. Let n = -161 + h. Let w = n - 25. What is the units digit of w?
0
Suppose l - 3*b - 780 = 0, -l + 756 = -0*b + 3*b. What is the units digit of l?
8
Let f = 6 - 11. Let v(u) = -17*u + 8. What is the units digit of v(f)?
3
Suppose 0 = -3*t - 9, -2*x + 2109 = x - 2*t. What is the tens digit of x?
0
Suppose 0 = -5*v - 19 + 54. Suppose -k - 2 - v = 0. Let o(l) = -l**2 - 10*l + 2. What is the tens digit of o(k)?
1
Let q(j) be the first derivative of j**4/4 - 2*j**3 - 3*j**2/2 - 16*j + 14. What is t